f x and 33.
3
Suppose -u + 80 = r + 10, 0 = -5*u + 15. Let b = 97 - r. What is the greatest common divisor of b and 20?
10
Let l = 398 - 279. Suppose -4*t - 5*f = -l + 11, 5*f + 90 = 5*t. Calculate the greatest common factor of t and 11.
11
Let t = 1284 - 700. Suppose -10*v - 194 = -t. Calculate the highest common factor of v and 13.
13
Suppose -3*k + 186 = 3*l, 18*l = 20*l + 4*k - 120. What is the greatest common divisor of l and 1280?
64
Let j = 1711 + -1479. Calculate the highest common factor of j and 32.
8
Suppose 5 = 5*s - 5. Let d be (s - 28)*6/(-4). Suppose -84*c = -6936 - 19272. What is the highest common divisor of c and d?
39
Suppose 0*r = 4*r - 3*w - 492, -5*r + 5*w + 610 = 0. Calculate the highest common divisor of 28 and r.
14
Let l be -13 + 20/2 - -57. What is the greatest common factor of l and 4?
2
Let q = 12 - 5. Suppose q*i - 12*i + 100 = 0. What is the highest common factor of 10 and i?
10
Let u = -7 - -20. Calculate the greatest common factor of u and 403.
13
Suppose -19684 = -21*g - 17*g. Calculate the highest common factor of g and 74.
74
Let a(b) = -b**2 - 24*b + 45. Let p be a(-25). Let o(w) = 100*w**3 + w - 1. Let m be o(1). Calculate the greatest common divisor of m and p.
20
Let k = -1795 + 1835. What is the highest common factor of 136 and k?
8
Let z(p) = 10*p**2 - 2*p - 1. Let m be z(-1). Suppose -24*x = 9 - 1329. Calculate the greatest common factor of x and m.
11
Let i = 149 - -136. What is the greatest common factor of i and 38?
19
Suppose 73 + 1 = -2*d. Let u = d - -54. Suppose -227 + u = -3*n. Calculate the highest common divisor of n and 14.
14
Suppose 4*r = 5*f - 55, 0*f + 5*f - 30 = -r. What is the highest common divisor of 77 and f?
7
Suppose -4*n = -n - 39. Let d(t) = 4*t**2 - 68*t + 13. Let p be d(17). What is the highest common factor of n and p?
13
Suppose 11*d + 3*b + 677 = 12*d, 3*d - 2052 = 2*b. What is the greatest common factor of d and 42?
14
Suppose -3*n + 2*n = 4*i - 544, 3*i - 2*n - 408 = 0. Calculate the highest common divisor of i and 64.
8
Suppose -2*f - 81 = 3*t - 223, 2*f = 4*t - 208. Calculate the highest common factor of t and 25.
25
Let s be 179 - 2*(-12)/8. Suppose 5*u + 12 = 3*h - s, 0 = -4*h - 5*u + 282. Calculate the highest common factor of 17 and h.
17
Suppose 4*z = 5*o - 821, z + 97 - 415 = -2*o. What is the greatest common factor of o and 7?
7
Suppose 0*r = 17*r - 5117. Calculate the highest common factor of 172 and r.
43
Let h be 280 - (6/24 + (-7)/(-4)). Let z = h + -107. Calculate the highest common divisor of 19 and z.
19
Suppose -18*r = -15*r - 162. Suppose t = -2*a + r, -2*a - 80 = -5*a - 2*t. What is the greatest common divisor of a and 28?
28
Let u = -234 + 260. Calculate the highest common factor of 91 and u.
13
Let f be (92/(-2))/(123/(-30) + 4). What is the greatest common divisor of f and 46?
46
Let b(a) = 2*a**3 - 5*a + 5. Let q be b(2). Let d(i) = -i + 10. Let f be d(-34). What is the highest common divisor of q and f?
11
Let d(y) = -51*y + 318. Let w be d(6). Let v be (18/4)/(1/24). What is the greatest common divisor of w and v?
12
Let r be 492/(-16) - (-2)/(-8). Let t = r - -36. Suppose -4*h + t*a = -588, -2*a = 3*h + 2*a - 472. Calculate the greatest common factor of 38 and h.
38
Suppose -297 = -4*z - 105. Let r be -9 + 21 + 0*(-3)/15. What is the greatest common factor of r and z?
12
Suppose 0 = -3*p - p - 4. Let f(o) = -206*o + 2. Let h be f(p). Calculate the highest common divisor of 26 and h.
26
Let c(l) = -l**3 + 8*l**2 + l - 13. Let i be c(8). Let b(x) = -x**3 - 3*x**2 + 6*x - 6. Let k be b(i). Calculate the highest common factor of k and 2.
2
Suppose 0 = 2*d + 5*w - 63, -4*d = 4*w - 0 - 108. Let q(i) = -i**3 - 9*i**2 + 7*i + 30. Let g be q(-10). What is the highest common factor of d and g?
12
Let j(a) = 7*a**2 + 22*a + 37. Let m be j(-2). Calculate the highest common divisor of 161 and m.
7
Let j = -145 + 195. What is the greatest common divisor of j and 250?
50
Suppose 109 + 23 = 4*d. What is the highest common factor of d and 9?
3
Suppose 36*c - 10095 = 14529. What is the greatest common divisor of 24 and c?
12
Let u(p) = 8*p - 81. Let g be u(12). What is the greatest common divisor of 10 and g?
5
Let o be (-925)/(-4) + 2/(-8). Suppose 2*z + 3*x - 51 = 0, -x = -10*z + 13*z - 94. What is the greatest common factor of o and z?
33
Let t = 9 - -12. Let a be -1 + 2 + -1 + 12. Suppose z - 5*z + a = 0. Calculate the highest common divisor of t and z.
3
Let j be 3/1 + -5 - -4. Suppose 5*t = 5*i + 4 - 164, -j*i + 5*t + 64 = 0. What is the highest common divisor of i and 64?
32
Let v(p) = -p**3 + 3*p**2 + 4*p + 3. Let a be v(-2). Suppose 0 = -51*l + 350 + 5005. Calculate the greatest common factor of a and l.
15
Let u(b) = 26*b**2 + 4*b - 1. Let i be u(-2). Let z = 59 - -16. Let m be (-6)/(-24) + z/4. What is the greatest common divisor of m and i?
19
Suppose 0 = -m + 6*m - 2*d - 589, 2*d - 363 = -3*m. Calculate the highest common divisor of m and 7.
7
Let v = 142 - 106. Calculate the highest common factor of 96 and v.
12
Let a = -258 + 323. What is the highest common divisor of a and 52?
13
Let b(a) = -a + 1. Let s be b(4). Let m be 40/6*(6 + s). Let o = -72 + 77. What is the highest common factor of o and m?
5
Let t = 2895 - 2664. Let i = -48 - -69. What is the highest common factor of i and t?
21
Let k be (-4 - 11)*(3 + -15). What is the greatest common factor of 144 and k?
36
Let c be 1*4/(0 + 1). Let k be -1*(-8*3 - 0). Calculate the greatest common divisor of c and k.
4
Let u = 497 + -399. Calculate the highest common divisor of 28 and u.
14
Let d(o) = -o**2 + 57*o - 492. Let g be d(46). Calculate the highest common factor of 2954 and g.
14
Let f be 2/((-48)/(-21) + -2). Suppose 3*y = -3*w - f + 1, -3*y = 2*w + 8. Suppose 0 = -w*o + 6*o - 4. Calculate the greatest common divisor of 1 and o.
1
Suppose 3*h - 4 = -2*b, 2*h + 4 = 5*b - 6. Suppose b*m - 56 = -8. What is the highest common divisor of 72 and m?
24
Suppose 2416 + 392 = 54*l. Calculate the greatest common factor of 559 and l.
13
Suppose -67*j = -60*j - 238. Calculate the highest common factor of j and 782.
34
Let i(a) = 7*a + 7. Let j(q) = -8*q - 7. Let p(v) = 7*i(v) + 6*j(v). Let h be p(14). Let r be 2/7 + 372/h. Calculate the highest common factor of 9 and r.
9
Let f be (2444/(-141))/(3/(-81)). Calculate the highest common factor of 104 and f.
52
Let u be (-2)/8 - 16/(256/(-84)). Let n = -17 + 32. What is the greatest common divisor of u and n?
5
Let x = -76 + 4. Let y be -2 - 1 - x/6. Calculate the highest common factor of 45 and y.
9
Let z = 1084 - 894. Calculate the highest common divisor of z and 20.
10
Let b = -277 - -302. Calculate the greatest common divisor of 75 and b.
25
Suppose -13*x = -10*x - 39. Suppose -842 = -15*h + x. Calculate the highest common divisor of 57 and h.
57
Suppose -4*r - 2*a = -26, -2*r = 5*a - 9 - 24. What is the highest common factor of r and 16?
4
Let q(r) = -r**3 + 5*r**2 - r - 1. Let z be q(2). Suppose -73*h - 6 = -75*h. What is the highest common factor of z and h?
3
Let b = -254 - -292. What is the highest common divisor of b and 646?
38
Let u = -46 - -52. Let m be 22/8 + (-7)/(-168)*u. Calculate the greatest common factor of 3 and m.
3
Suppose -8*a + 34 = -230. Let z(k) = 12*k - 3. Let h be z(3). What is the highest common factor of a and h?
33
Suppose -8*n - 36 = -17*n. Let b be (-2)/5 + (-26)/10. Let q = b + 23. Calculate the greatest common factor of n and q.
4
Let w be 18/33 - (-3618)/22. What is the highest common divisor of 11 and w?
11
Suppose b = -13*g + 11*g + 121, 3*b + 195 = 3*g. Calculate the greatest common divisor of 62 and g.
62
Let x(p) = -p**2 + 8. Let y be x(2). Let n be 53 + 16/y*6/(-8). Let g = 21 - 11. What is the greatest common divisor of g and n?
10
Let x be 651/5 + 2*(-2)/20. What is the highest common factor of 78 and x?
26
Let u = 41 + -5. Let c = 40 - u. What is the greatest common factor of 36 and c?
4
Let t be (-2185)/345*-9*11. What is the greatest common divisor of 57 and t?
57
Let p be ((-100)/(-30))/(1/(-3)). Let o be ((-12)/p)/((-15)/(-250)). Suppose -3*z = 15, 0 = 4*i + i + 5*z + o. What is the highest common factor of 4 and i?
1
Suppose 0 = 2*z + z + 2*o - 131, 0 = -2*z - 2*o + 86. Suppose 5*k = 8*k - z. Let a be (